culate the remainder when 114 - (-3 + -3)/3 is divided by h.
26
Suppose 80 = -3*u + 7*u. Suppose -5*g - 2*b + 27 = 0, -2*g - 3*g + 5*b = -u. Suppose -g*h = h - 54. What is the remainder when 35 is divided by h?
8
Let x(q) = 3*q**3 - 6*q**2 + 9*q - 10. Calculate the remainder when 20037 is divided by x(2).
5
Suppose -25*g - 48 = -41*g. Let i(l) = -13*l - 1. What is the remainder when (-2068)/(-66) + g/(-9) is divided by i(-1)?
7
Let x = -2961 + 2968. What is the remainder when 15 is divided by x?
1
Let m(b) = -20*b + 78. Let q be m(4). Let o = q + 56. Calculate the remainder when o is divided by 39.
15
Suppose 2*i + 2*r - 1844 = 0, -2*i + 2*r + 1514 = -326. What is the remainder when i is divided by 244?
189
Let v(a) = -a**3 + 33*a**2 + 32*a + 105. Suppose 0 = c - 11 + 1. Calculate the remainder when v(34) is divided by c.
7
Let i = -182083 - -182153. What is the remainder when (-6)/4*(-2082)/9 is divided by i?
67
Let t(k) = -30 - 75 - k**2 + 24*k + 65. Let d = 19 - -6. Calculate the remainder when d is divided by t(22).
1
Let n(g) = 3*g**2 - 3*g - 262. Calculate the remainder when 2264 is divided by n(-12).
204
Suppose -4*m - 3*a + 3385 + 6533 = 0, -a + 2479 = m. Calculate the remainder when m is divided by 17.
16
Let i(o) = -o**2 + 14*o + 1. Let p(r) = r**3 + 5*r**2 + 4*r + 7. Suppose -2*m - t - 16 = t, 0 = -3*t - 15. Calculate the remainder when i(6) is divided by p(m).
10
Let i be 11/((-275)/20)*25/2. What is the remainder when (6678/265)/((-2)/i) is divided by 12?
6
Suppose -6*k + k = -20. Let x(c) = 4*c**2 - 7*c - 1. Suppose 63 = 5*q - 3*l, -3*l = 3*q + 2*l - 31. Calculate the remainder when x(k) is divided by q.
11
Let m = 65 + -58. Suppose 30 = -4*a + m*a. What is the remainder when a is divided by 8?
2
Let x(c) = 3*c**2 + 59*c + 3296. Calculate the remainder when x(-74) is divided by 240.
238
Let f = -335 - -418. Calculate the remainder when 127 is divided by f.
44
Suppose -4*v + 1 = 17, 26 = 3*l + v. Suppose -3*n = -4*j + 194, 1541*n - 1539*n + 4 = 0. Calculate the remainder when j is divided by l.
7
Let x = -239 + 68. Let q = x - -211. What is the remainder when 437 is divided by q?
37
Let w(c) = -5*c**3 + 4*c**2 - 6*c + 3. Let k be w(-3). Suppose -2*x + k = n, 0 = 4*n - 7*n - 3*x + 591. What is the remainder when n is divided by 17?
15
Suppose -9*n + 7*n - 19*n = -27678. Calculate the remainder when 7918 is divided by n.
10
Suppose 3*g + 5*n = -753 - 116, -2*n - 291 = g. Let p = g - -338. Calculate the remainder when p is divided by 7.
6
Suppose -138650 = -16*y - 137002. What is the remainder when y is divided by 72?
31
Suppose -4*x = -a + 44, -3*x + 39 - 42 = 0. What is the remainder when 681 is divided by a?
1
Let s(p) = -17*p - 5. Let w be s(-1). Let r be -2 + 21/w + (-53)/(-4). Suppose -r = -k + 11. What is the remainder when k is divided by 14?
10
Let c = 79 + -42. Suppose -c - 207 = -4*u. What is the remainder when u is divided by 6?
1
Let h = 39 + -37. Suppose -h*a = -5*m + 56, -m + 2*a + a + 6 = 0. Suppose 195 = -m*b + 17*b. What is the remainder when b is divided by 10?
9
Let y be 4/((-12)/(-27) + 235/(-630)). Let m = y - 39. What is the remainder when 269 is divided by m?
14
Suppose -5*k = -3*t - 167, -79*k - 136 = -83*k + 2*t. Let x(f) = f**2 - f + 145. Calculate the remainder when x(0) is divided by k.
34
What is the remainder when (-3055)/(-7) - (-1440)/(-1008) is divided by 152?
131
Suppose -g - 966*u + 284 = -967*u, g + 4*u = 259. Calculate the remainder when g is divided by 138.
3
Let a(g) = -2*g**3 - 19*g**2 - 23*g - 25. Let m be a(-9). What is the remainder when m - (-1 - (-5 - 5)) is divided by 16?
12
Let o = -1 - -3. Let p(k) = -4*k**3 + k**2 - 15*k + 12. Let x be p(-6). Suppose -1000*l + x*l = 4. What is the remainder when o is divided by l?
0
Suppose 4914 = 209*s + 190*s - 165*s. Calculate the remainder when 2869 is divided by s.
13
Suppose 2940*x = 2944*x - 8956. Calculate the remainder when x is divided by 70.
69
Suppose -2*n - 236 = d - 4*d, -d = 5*n - 107. Calculate the remainder when 1226 is divided by d.
78
Let n(i) be the first derivative of -11*i**2/2 - 16*i + 12. Suppose 0 = 4*v + y + 24, y + 30 = -6*v + v. What is the remainder when n(v) is divided by 26?
24
Suppose -d = -4*q - 145, 2*q + 177 = 3*d - 268. Let x be -12*(16/12)/4. Let t(u) = -16*u - 34. What is the remainder when d is divided by t(x)?
29
Let i = 7886 - 7263. What is the remainder when i is divided by 88?
7
Let r(x) = x**3 + 11*x**2 + 4*x - 11. Suppose 14*j - 79 = -9. What is the remainder when r(-10) is divided by j?
4
Suppose 3*o - 185 = -2*o - 5*d, -3*d + 75 = 2*o. Let z = o - -50. Calculate the remainder when z is divided by 24.
14
Let u(f) = -353*f + 987. Calculate the remainder when u(2) is divided by 127.
27
Let n = -2833 + 3052. What is the remainder when n is divided by 29?
16
Suppose 4*f - 20 = -3*x, 3*x = -f - 1 - 3. Let w(y) = -9*y - 2. Calculate the remainder when w(-5) is divided by (7 - f)*-8*2.
11
Let o = 88 - 52. What is the remainder when 215 is divided by o?
35
Let o = -12125 - -12266. Calculate the remainder when o is divided by 71.
70
Suppose 4*a = 3*i + 4292, -4*a + 4917 = 2*i + 605. Calculate the remainder when a is divided by 23.
18
Let p(h) = -h**3 + 5*h**2 + 10*h. Suppose -2*v = 3*v - 10, 0 = 5*y - 5*v - 30. Suppose -y*s + 75 = 7*s. Calculate the remainder when 247 is divided by p(s).
47
Suppose -s + 92 = 3*n, 11*n - 120 = 7*n - 2*s. Calculate the remainder when 58 is divided by n.
26
Let f(y) = -13*y + 12. Suppose -28*j + 20*j - 32 = 0. What is the remainder when f(j) is divided by 5?
4
Suppose -3651*u + 3602*u + 120589 = 0. Calculate the remainder when u is divided by 77.
74
Calculate the remainder when 382 is divided by (-2320)/(-480)*6*7.
179
Calculate the remainder when -2 - (-258 - 107 - (0 + -7 + 1)) is divided by 94.
75
Let l(w) = w**2 + 4*w + 41. Let b be l(-9). Suppose 0 = -2*v - j + 25 + b, -4*v - 3*j + 227 = 0. What is the remainder when v is divided by 29?
24
Let p(o) = -3*o - 9. Let x(t) = 5*t**2 + 2*t - 1. Let s be x(-2). Let f(m) = 2*m**2 - 28*m - 20. What is the remainder when p(-9) is divided by f(s)?
8
Suppose -4*o - 16*g = -21*g - 159, -g - 183 = -5*o. Calculate the remainder when 214 is divided by o.
34
Suppose 5*h = -x + 301, -30 + 702 = 2*x - 4*h. Let m = x + -136. Let z(a) = a**2 - 9*a + 48. What is the remainder when m is divided by z(9)?
46
Calculate the remainder when (2 + (-15)/6)*20320/(-16) is divided by 250.
135
Let n = -346 - -244. Let q be 5 - (84 - -2) - (2 - 0). Let a = q - n. What is the remainder when 92 is divided by a?
16
Let u(k) = 4*k**3 - 61*k**2 + 53*k - 1585. Suppose -b - o = 4*o - 102, 2*o + 238 = 3*b. Calculate the remainder when b is divided by u(16).
20
Let n = -158 + 172. Suppose n*s - 509 = 149. Calculate the remainder when 179 is divided by s.
38
Calculate the remainder when 2109 is divided by (-5040)/1512*9/(-2).
9
Let z be 3 + 6/1 + 3. Let k = 4 + z. Let v = 613 + -582. Calculate the remainder when v is divided by k.
15
Let t(k) = -k**3 + 8*k**2 + 14*k + 5. Let m(h) = h**3 + 5*h**2 + 8*h + 2. Let n be m(-3). Calculate the remainder when t(n) is divided by 24.
21
Suppose -4*c + 176 + 284 = 2*l, 4*c + 4*l - 464 = 0. Suppose -3*r + c = -15*x + 19*x, 0 = -4*x. Calculate the remainder when 341 is divided by r.
37
Let h(q) = -95 + 270*q - 14 - 288*q + 30. Calculate the remainder when h(-7) is divided by 13.
8
Let p(s) = 49*s**2 + 785*s + 25. What is the remainder when 377 is divided by p(-16)?
8
What is the remainder when 4/((-7)/(-1659)*12) is divided by -24*2*2/(-6)?
15
Let q(v) = 2*v**3 - 99*v**2 - 247*v - 21. Calculate the remainder when q(52) is divided by 302.
51
Let z(o) = 46*o**3 - 34*o**2 - 7*o - 30*o**3 - 17*o**3 + 24. Calculate the remainder when z(-34) is divided by 38.
34
Let y = -51 + 56. Suppose 21 = o + p + 9, -y*p = 20. What is the remainder when 93 is divided by o?
13
Let k = 379 + -374. Calculate the remainder when 390 is divided by k.
0
Let w(h) = h**3 + h**2 + 8*h - 7. Let u be w(-3). Suppose -3*l - 178 = 134. Let y = u - l. What is the remainder when 109 is divided by y?
54
Let p(i) = 2*i**3 + 19*i**2 - 63*i - 479. What is the remainder when 444 is divided by p(-8)?
10
Suppose -2005 + 1605 = -16*d. What is the remainder when 160 is divided